{"id":1799,"date":"2023-11-26T15:56:35","date_gmt":"2023-11-26T15:56:35","guid":{"rendered":"https:\/\/ecoheatbl.com\/?page_id=1799"},"modified":"2023-11-26T15:56:35","modified_gmt":"2023-11-26T15:56:35","slug":"panasonic-klima-uredaj-kit-tz42-zke","status":"publish","type":"page","link":"https:\/\/ecoheatbl.com\/index.php\/panasonic-klima-uredaj-kit-tz42-zke\/","title":{"rendered":"PANASONIC KLIMA URE\u0110AJ KIT-TZ42-ZKE"},"content":{"rendered":"<div class=\"wp-block-image\">\n<figure class=\"alignleft size-full is-resized\"><img loading=\"lazy\" decoding=\"async\" width=\"500\" height=\"368\" src=\"https:\/\/ecoheatbl.com\/wp-content\/uploads\/2023\/11\/Panasonic-KIT-TZ20-TZ71-ZKE.png\" alt=\"\" class=\"wp-image-1793\" style=\"width:319px;height:auto\" srcset=\"https:\/\/ecoheatbl.com\/wp-content\/uploads\/2023\/11\/Panasonic-KIT-TZ20-TZ71-ZKE.png 500w, https:\/\/ecoheatbl.com\/wp-content\/uploads\/2023\/11\/Panasonic-KIT-TZ20-TZ71-ZKE-300x221.png 300w\" sizes=\"auto, (max-width: 500px) 100vw, 500px\" \/><\/figure>\n<\/div>\n\n\n<p>TZ serija klima ure\u0111aja posjeduje omjer cijene i kvaliteta kakav se rijetko na\u0111e.<\/p>\n\n\n\n<p>Ovaj kompaktni inverter pokre\u0107e najnoviji radni medij&nbsp;<strong>R32<\/strong>&nbsp;zahvaljuju\u0107i kojem se ure\u0111aj smjestio u visoki A++ energetski razred.<\/p>\n\n\n\n<p>Unutra\u0161nja jedinica je manja nego ikada.&nbsp;<strong>\u0160irine tek 779 mm<\/strong>&nbsp;pru\u017ea mogu\u0107nost ugradnje i u naju\u017ee prostore, a osim diskretnog izgleda odlikuje je i izrazito diskretan rad. Proizvodi tek&nbsp;<strong>20 dB<\/strong>&nbsp;u radu \u0161to zna\u010di da je nivo buke koju proizvodi&nbsp;u nivou ljudskog \u0161apata.<\/p>\n\n\n\n<p>Unutar malene jedinice smje\u0161ten je mo\u0107an filter koji iz zraka uklanja sve \u010destice ve\u0107e od PM 2,5.<\/p>\n\n\n\n<p>Inovativne karakteristike savr\u0161eno nadopunjuje&nbsp;<strong>WiFi<\/strong>&nbsp;modul koji omogu\u0107uje upravljanje ure\u0111ajem putem aplikacije.&nbsp;Tako\u0111e, kompatibilan je s Google Asistentom i Amazon Alexom.<\/p>\n\n\n\n<p>Redizajnirani infracrveni daljinski upravlja\u010d dolazi s pregr\u0161t korisnih funkcija i pove\u0107anim displejom za preglednije upravljanje.<\/p>\n\n\n\n<p>Panasonic se ovim modelom zaista pobrinuo da korisnicima pru\u017ei maksimalan komfor putem bogatih karakteristika, od kojih dodatno izdvajamo:<\/p>\n\n\n\n<ul class=\"wp-block-list\">\n<li>Mogu\u0107nost instalacije na postoje\u0107e cijevi rashladnog medija R410A i R22<\/li>\n\n\n\n<li>Mogu\u0107nost dugih veza izme\u0111u jedinica (do 15 m)<\/li>\n\n\n\n<li>Opciono \u017ei\u010dani termostat<\/li>\n\n\n\n<li>Izborno upravljanje pametnim telefonima<\/li>\n\n\n\n<li>Tihi rad<\/li>\n\n\n\n<li>Kompaktan dizajn<\/li>\n<\/ul>\n\n\n\n<figure class=\"wp-block-table\"><table><tbody><tr><td><strong>PROIZVO\u0110A\u010c<\/strong><\/td><td>Panasonic<\/td><\/tr><tr><td><strong>MODEL<\/strong><\/td><td>KIT-TZ42-ZKE<\/td><\/tr><tr><td><strong>Brand<\/strong><\/td><td>Panasonic<\/td><\/tr><tr><td><strong>Hla\u0111enje<\/strong><\/td><td>4.20 kW<\/td><\/tr><tr><td><strong>Grijanje<\/strong><\/td><td>5.00 kW<\/td><\/tr><tr><td><strong>Raspon hla\u0111enja<\/strong><\/td><td>0,85-5,60 kW<\/td><\/tr><tr><td><strong>Raspon grijanja<\/strong><\/td><td>0,80-6,80 kW<\/td><\/tr><tr><td><strong>Energetska klasa hla\u0111enja<\/strong><\/td><td>A++<\/td><\/tr><tr><td><strong>Energetska klasa grijanja<\/strong><\/td><td>A++<\/td><\/tr><tr><td><strong>SEER\/SCOP<\/strong><\/td><td>6,80 \/ 4,60<\/td><\/tr><tr><td><strong>WI-FI upravljanje<\/strong><\/td><td>Wi-fi ready<\/td><\/tr><tr><td><strong>Ulazna snaga hla\u0111enja<\/strong><\/td><td>1,25 W<\/td><\/tr><tr><td><strong>Ulazna snaga grijanja<\/strong><\/td><td>1,34 W<\/td><\/tr><tr><td><strong>Protok vazduha<\/strong><\/td><td>2040 m3\/h<\/td><\/tr><tr><td><strong>Buka unutra\u0161nje jedinice<\/strong><\/td><td>29-44 dB(A)<\/td><\/tr><tr><td><strong>Buka vanjske jedinice<\/strong><\/td><td>49-51 dB(A)<\/td><\/tr><tr><td><strong>Dimenzije unutra\u0161nje jedinice<\/strong><\/td><td>290*779*209 mm<\/td><\/tr><tr><td><strong>Dimenzije vanjske jedinice<\/strong><\/td><td>542*780*289 mm<\/td><\/tr><tr><td><strong>Te\u017eina unutra\u0161nje jedinice<\/strong><\/td><td>8 kg<\/td><\/tr><tr><td><strong>Te\u017eina vanjske jedinice<\/strong><\/td><td>31 kg<\/td><\/tr><tr><td><strong>Max. du\u017eina cijevi<\/strong><\/td><td>15 m<\/td><\/tr><tr><td><strong>Max. visinska razlika<\/strong><\/td><td>15 m<\/td><\/tr><tr><td><strong>Napajanje<\/strong><\/td><td>220-240 V<\/td><\/tr><tr><td><strong>Freon<\/strong><\/td><td>R32<\/td><\/tr><tr><td><strong>Preporuka za grijanje<\/strong><\/td><td>Da<\/td><\/tr><\/tbody><\/table><\/figure>\n","protected":false},"excerpt":{"rendered":"<p>TZ serija klima ure\u0111aja posjeduje omjer cijene i kvaliteta kakav se rijetko na\u0111e. Ovaj kompaktni inverter pokre\u0107e najnoviji radni medij&nbsp;R32&nbsp;zahvaljuju\u0107i kojem se ure\u0111aj smjestio u visoki A++ energetski razred. Unutra\u0161nja jedinica je manja nego ikada.&nbsp;\u0160irine tek 779 mm&nbsp;pru\u017ea mogu\u0107nost ugradnje i u naju\u017ee prostore, a osim diskretnog izgleda odlikuje je&#8230;<\/p>\n","protected":false},"author":1,"featured_media":0,"parent":0,"menu_order":0,"comment_status":"closed","ping_status":"closed","template":"","meta":{"footnotes":""},"class_list":["post-1799","page","type-page","status-publish","hentry"],"_links":{"self":[{"href":"https:\/\/ecoheatbl.com\/index.php\/wp-json\/wp\/v2\/pages\/1799","targetHints":{"allow":["GET"]}}],"collection":[{"href":"https:\/\/ecoheatbl.com\/index.php\/wp-json\/wp\/v2\/pages"}],"about":[{"href":"https:\/\/ecoheatbl.com\/index.php\/wp-json\/wp\/v2\/types\/page"}],"author":[{"embeddable":true,"href":"https:\/\/ecoheatbl.com\/index.php\/wp-json\/wp\/v2\/users\/1"}],"replies":[{"embeddable":true,"href":"https:\/\/ecoheatbl.com\/index.php\/wp-json\/wp\/v2\/comments?post=1799"}],"version-history":[{"count":1,"href":"https:\/\/ecoheatbl.com\/index.php\/wp-json\/wp\/v2\/pages\/1799\/revisions"}],"predecessor-version":[{"id":1800,"href":"https:\/\/ecoheatbl.com\/index.php\/wp-json\/wp\/v2\/pages\/1799\/revisions\/1800"}],"wp:attachment":[{"href":"https:\/\/ecoheatbl.com\/index.php\/wp-json\/wp\/v2\/media?parent=1799"}],"curies":[{"name":"wp","href":"https:\/\/api.w.org\/{rel}","templated":true}]}}