{"id":1478,"date":"2023-08-27T10:12:47","date_gmt":"2023-08-27T10:12:47","guid":{"rendered":"https:\/\/ecoheatbl.com\/?page_id=1478"},"modified":"2023-08-27T10:12:47","modified_gmt":"2023-08-27T10:12:47","slug":"daikin-klima-uredaj-sensira-ftxf60e-rxf60e","status":"publish","type":"page","link":"https:\/\/ecoheatbl.com\/index.php\/daikin-klima-uredaj-sensira-ftxf60e-rxf60e\/","title":{"rendered":"Daikin klima ure\u0111aj Sensira FTXF60E\/RXF60E"},"content":{"rendered":"\n<p><\/p>\n\n\n\n<div class=\"wp-block-media-text is-stacked-on-mobile\" style=\"grid-template-columns:36% auto\"><figure class=\"wp-block-media-text__media\"><img loading=\"lazy\" decoding=\"async\" width=\"300\" height=\"366\" src=\"https:\/\/ecoheatbl.com\/wp-content\/uploads\/2023\/08\/Daikin-SENSIRA-1_web.png\" alt=\"\" class=\"wp-image-1468 size-full\" srcset=\"https:\/\/ecoheatbl.com\/wp-content\/uploads\/2023\/08\/Daikin-SENSIRA-1_web.png 300w, https:\/\/ecoheatbl.com\/wp-content\/uploads\/2023\/08\/Daikin-SENSIRA-1_web-246x300.png 246w\" sizes=\"auto, (max-width: 300px) 100vw, 300px\" \/><\/figure><div class=\"wp-block-media-text__content\">\n<p><strong>Hla\u0111enje:<\/strong>\u00a06.00 kW<\/p>\n\n\n\n<p><strong>Grijanje:<\/strong>\u00a06.40 kW<\/p>\n\n\n\n<p><strong>Energetska klasa hla\u0111enja:<\/strong>&nbsp;A++<\/p>\n\n\n\n<p><strong>Energetska klasa grijanja:<\/strong>&nbsp;A+<\/p>\n\n\n\n<p><strong>WI-FI upravljanje:<\/strong>&nbsp;opciono<\/p>\n<\/div><\/div>\n\n\n\n<p>Sensira je model koji primjenom najnovije tehnologije pru\u017ea vrhunsku u\u010dinkovitost i izvrstan komfor. Unutra\u0161nja jedinica dizajnirana je tako da elegantne, blago zakrivljene linije odli\u010dno pristaju svakom enterijeru.&nbsp;<\/p>\n\n\n\n<p>U radu koristi novo rashladno sredstvo&nbsp;<strong>R32&nbsp;<\/strong>zbog kojeg ostvaruje visoku energetsku u\u010dinkovitost, kao i velike u\u0161tede u radu.&nbsp;<\/p>\n\n\n\n<p>Dolazi s&nbsp;<strong>WiFi&nbsp;<\/strong>pripremom pa opcionalno ure\u0111ajem mo\u017eete upravljati i pratiti potro\u0161nju pomo\u0107u Daikin Residential Controller aplikacije.&nbsp;<\/p>\n\n\n\n<p>U radu je Sensira veoma tiha, gotovo ne\u010dujna, a osim navedenih, odlikuje je niz dodatnih funkcionalnosti:<\/p>\n\n\n\n<ul class=\"wp-block-list\">\n<li>Automatski na\u010din rada<\/li>\n\n\n\n<li>Econo na\u010din<\/li>\n\n\n\n<li>5 brzina ventilatora<\/li>\n\n\n\n<li>Program odvla\u017eivanja<\/li>\n\n\n\n<li>Vazdu\u0161ni filter<\/li>\n\n\n\n<li>Samodijagnostika<\/li>\n<\/ul>\n\n\n\n<figure class=\"wp-block-table\"><table><tbody><tr><td><strong>PROIZVO\u0110A\u010c<\/strong><\/td><td>Daikin<\/td><\/tr><tr><td><strong>MODEL<\/strong><\/td><td>FTXF60E\/RXF60E<\/td><\/tr><tr><td><strong>Brand<\/strong><\/td><td>Daikin<\/td><\/tr><tr><td><strong>Hla\u0111enje<\/strong><\/td><td>6.00 kW<\/td><\/tr><tr><td><strong>Grijanje<\/strong><\/td><td>6.40 kW<\/td><\/tr><tr><td><strong>Raspon hla\u0111enja<\/strong><\/td><td>1.70-7.00 kW<\/td><\/tr><tr><td><strong>Raspon grijanja<\/strong><\/td><td>1.70-8.00 kW<\/td><\/tr><tr><td><strong>Energetska klasa hla\u0111enja<\/strong><\/td><td>A++<\/td><\/tr><tr><td><strong>Energetska klasa grijanja<\/strong><\/td><td>A+<\/td><\/tr><tr><td><strong>SEER\/SCOP<\/strong><\/td><td>6.15 \/ 4.06<\/td><\/tr><tr><td><strong>WI-FI upravljanje<\/strong><\/td><td>DA<\/td><\/tr><tr><td><strong>Buka unutra\u0161nje jedinice<\/strong><\/td><td>33-45 dB(A)<\/td><\/tr><tr><td><strong>Buka vanjske jedinice<\/strong><\/td><td>49 dB(A)<\/td><\/tr><tr><td><strong>Dimenzije unutra\u0161nje jedinice<\/strong><\/td><td>295*990*263 mm<\/td><\/tr><tr><td><strong>Dimenzije vanjske jedinice<\/strong><\/td><td>734*870*373 mm<\/td><\/tr><tr><td><strong>Te\u017eina unutra\u0161nje jedinice<\/strong><\/td><td>8 kg<\/td><\/tr><tr><td><strong>Max. du\u017eina cijevi<\/strong><\/td><td>30 m<\/td><\/tr><tr><td><strong>Max. visinska razlika<\/strong><\/td><td>20 m<\/td><\/tr><tr><td><strong>Napajanje<\/strong><\/td><td>220-240 V<\/td><\/tr><tr><td><strong>Freon<\/strong><\/td><td>R32<\/td><\/tr><\/tbody><\/table><\/figure>\n","protected":false},"excerpt":{"rendered":"<p>Hla\u0111enje:\u00a06.00 kW Grijanje:\u00a06.40 kW Energetska klasa hla\u0111enja:&nbsp;A++ Energetska klasa grijanja:&nbsp;A+ WI-FI upravljanje:&nbsp;opciono Sensira je model koji primjenom najnovije tehnologije pru\u017ea vrhunsku u\u010dinkovitost i izvrstan komfor. Unutra\u0161nja jedinica dizajnirana je tako da elegantne, blago zakrivljene linije odli\u010dno pristaju svakom enterijeru.&nbsp; U radu koristi novo rashladno sredstvo&nbsp;R32&nbsp;zbog kojeg ostvaruje visoku energetsku u\u010dinkovitost,&#8230;<\/p>\n","protected":false},"author":1,"featured_media":0,"parent":0,"menu_order":0,"comment_status":"closed","ping_status":"closed","template":"","meta":{"footnotes":""},"class_list":["post-1478","page","type-page","status-publish","hentry"],"_links":{"self":[{"href":"https:\/\/ecoheatbl.com\/index.php\/wp-json\/wp\/v2\/pages\/1478","targetHints":{"allow":["GET"]}}],"collection":[{"href":"https:\/\/ecoheatbl.com\/index.php\/wp-json\/wp\/v2\/pages"}],"about":[{"href":"https:\/\/ecoheatbl.com\/index.php\/wp-json\/wp\/v2\/types\/page"}],"author":[{"embeddable":true,"href":"https:\/\/ecoheatbl.com\/index.php\/wp-json\/wp\/v2\/users\/1"}],"replies":[{"embeddable":true,"href":"https:\/\/ecoheatbl.com\/index.php\/wp-json\/wp\/v2\/comments?post=1478"}],"version-history":[{"count":1,"href":"https:\/\/ecoheatbl.com\/index.php\/wp-json\/wp\/v2\/pages\/1478\/revisions"}],"predecessor-version":[{"id":1479,"href":"https:\/\/ecoheatbl.com\/index.php\/wp-json\/wp\/v2\/pages\/1478\/revisions\/1479"}],"wp:attachment":[{"href":"https:\/\/ecoheatbl.com\/index.php\/wp-json\/wp\/v2\/media?parent=1478"}],"curies":[{"name":"wp","href":"https:\/\/api.w.org\/{rel}","templated":true}]}}