{"id":1459,"date":"2023-08-27T09:57:40","date_gmt":"2023-08-27T09:57:40","guid":{"rendered":"https:\/\/ecoheatbl.com\/?page_id=1459"},"modified":"2023-08-27T09:57:40","modified_gmt":"2023-08-27T09:57:40","slug":"daikin-klima-uredaj-perfera-f-fvxm25a-rxm25r","status":"publish","type":"page","link":"https:\/\/ecoheatbl.com\/index.php\/daikin-klima-uredaj-perfera-f-fvxm25a-rxm25r\/","title":{"rendered":"Daikin klima ure\u0111aj Perfera F FVXM25A\/RXM25R"},"content":{"rendered":"<div class=\"wp-block-image\">\n<figure class=\"aligncenter size-full\"><img loading=\"lazy\" decoding=\"async\" width=\"800\" height=\"368\" src=\"https:\/\/ecoheatbl.com\/wp-content\/uploads\/2023\/08\/Daikin-PERFERA-4_web.png\" alt=\"\" class=\"wp-image-1460\" srcset=\"https:\/\/ecoheatbl.com\/wp-content\/uploads\/2023\/08\/Daikin-PERFERA-4_web.png 800w, https:\/\/ecoheatbl.com\/wp-content\/uploads\/2023\/08\/Daikin-PERFERA-4_web-300x138.png 300w, https:\/\/ecoheatbl.com\/wp-content\/uploads\/2023\/08\/Daikin-PERFERA-4_web-768x353.png 768w\" sizes=\"auto, (max-width: 800px) 100vw, 800px\" \/><\/figure>\n<\/div>\n\n\n<div class=\"wp-block-media-text is-stacked-on-mobile\" style=\"grid-template-columns:36% auto\"><figure class=\"wp-block-media-text__media\"><img loading=\"lazy\" decoding=\"async\" width=\"300\" height=\"446\" src=\"https:\/\/ecoheatbl.com\/wp-content\/uploads\/2023\/08\/Daikin-PERFERA-P-1_web.png\" alt=\"\" class=\"wp-image-1461 size-full\" srcset=\"https:\/\/ecoheatbl.com\/wp-content\/uploads\/2023\/08\/Daikin-PERFERA-P-1_web.png 300w, https:\/\/ecoheatbl.com\/wp-content\/uploads\/2023\/08\/Daikin-PERFERA-P-1_web-202x300.png 202w\" sizes=\"auto, (max-width: 300px) 100vw, 300px\" \/><\/figure><div class=\"wp-block-media-text__content\">\n<p><strong>Hla\u0111enje:<\/strong>\u00a02.40 kW<\/p>\n\n\n\n<p><strong>Grijanje:<\/strong>&nbsp;3.40 kW<\/p>\n\n\n\n<p><strong>Energetska klasa hla\u0111enja:<\/strong>&nbsp;A+++<\/p>\n\n\n\n<p><strong>Energetska klasa grijanja:<\/strong>&nbsp;A++<\/p>\n\n\n\n<p><strong>WI-FI upravljanje:<\/strong>&nbsp;DA<\/p>\n<\/div><\/div>\n\n\n\n<p>Atraktivna podna Perfera osigurava savr\u0161en kvalitet vazduha u prostoriji.<\/p>\n\n\n\n<p>Moderan dizajn omogu\u0107uje lako uklapanje u sve enterijere, ali i maksimalnu ugodnost. Ispuhom toplog vazduha na donjoj strani ure\u0111aja stvara se efekat podnog grijanja.&nbsp;<strong>Funkcija grijanja plus<\/strong>&nbsp;osigurava 30 minuta ugodnog grijanja simulacijom isijavanja topline, dok&nbsp;<strong>funkcija pove\u0107anje grijanja<\/strong>&nbsp;brzo zagrijava va\u0161 dom kod pokretanja klima ure\u0111aja. Zadana temperatura postignuta je 14% br\u017ee nego kod klasi\u010dnog klima ure\u0111aja (samo u paru).&nbsp;<\/p>\n\n\n\n<p>Jedinica se mo\u017ee koristiti kao ventilator za istrujavanje vazduha bez hla\u0111enja ili grijanja.<\/p>\n\n\n\n<p><strong>Dvostrukim ispuhom vazduha&nbsp;<\/strong>distribui\u0161e se pro\u010di\u0161\u0107en vazduh oslobo\u0111en svih \u0161tetnih \u010destica prvenstveno zahvaljuju\u0107i&nbsp;<a href=\"https:\/\/shop.arijanova.hr\/blog\/1-daikin-razvio-tehnologiju-koja-suzbija-koronavirus\/\" target=\"_blank\" rel=\"noreferrer noopener\">Flash Streamer tehnologiji<\/a>.&nbsp;<\/p>\n\n\n\n<p>U podnu Perferu je ugra\u0111en&nbsp;<strong>Daikin Residential Controller<\/strong>, spojiv na usluge govornog upravljanja. Stoga, ure\u0111ajem se mo\u017ee upravljati na daljinu putem WiFi mre\u017ee.<\/p>\n\n\n\n<p>Podna izvedba Perfere je u radu gotovo ne\u010dujna, a posti\u017ee visoku energetsku u\u010dinkovitost, A+++\/A++.<\/p>\n\n\n\n<p>IZDVAJAMO:<\/p>\n\n\n\n<ul class=\"wp-block-list\">\n<li>Econo na\u010din rada<\/li>\n\n\n\n<li>No\u0107ni na\u010din rada<\/li>\n\n\n\n<li>Sna\u017eni na\u010din rada<\/li>\n\n\n\n<li>Program odvla\u017eivanja<\/li>\n\n\n\n<li>5 nivoa ventilacije<\/li>\n\n\n\n<li>Sedmi\u010dni timer<\/li>\n\n\n\n<li>Vazdu\u0161ni filter<\/li>\n<\/ul>\n\n\n\n<figure class=\"wp-block-table\"><table><tbody><tr><td><strong>PROIZVO\u0110A\u010c<\/strong><\/td><td>Daikin<\/td><\/tr><tr><td><strong>MODEL<\/strong><\/td><td>FVXM25A\/RXM25R<\/td><\/tr><tr><td><strong>Brand<\/strong><\/td><td>Daikin<\/td><\/tr><tr><td><strong>Hla\u0111enje<\/strong><\/td><td>2.40 kW<\/td><\/tr><tr><td><strong>Grijanje<\/strong><\/td><td>3.40 kW<\/td><\/tr><tr><td><strong>Raspon hla\u0111enja<\/strong><\/td><td>1.30-3.50 kW<\/td><\/tr><tr><td><strong>Raspon grijanja<\/strong><\/td><td>1.30-4.70 kW<\/td><\/tr><tr><td><strong>Energetska klasa hla\u0111enja<\/strong><\/td><td>A+++<\/td><\/tr><tr><td><strong>Energetska klasa grijanja<\/strong><\/td><td>A++<\/td><\/tr><tr><td><strong>SEER \/ SCOP<\/strong><\/td><td>8.55 \/ 4.65<\/td><\/tr><tr><td><strong>WI-FI upravljanje<\/strong><\/td><td>DA<\/td><\/tr><tr><td><strong>Buka unutra\u0161nje jedinice<\/strong><\/td><td>20-38 dB(A)<\/td><\/tr><tr><td><strong>Buka vanjske jedinice<\/strong><\/td><td>46 dB(A)<\/td><\/tr><tr><td><strong>Dimenzije unutra\u0161nje jedinice<\/strong><\/td><td>600*750*238 mm<\/td><\/tr><tr><td><strong>Dimenzije vanjske jedinice<\/strong><\/td><td>550*765*285 mm<\/td><\/tr><tr><td><strong>Te\u017eina unutra\u0161nje jedinice<\/strong><\/td><td>17 kg<\/td><\/tr><tr><td><strong>Te\u017eina vanjske jedinice<\/strong><\/td><td>32 kg<\/td><\/tr><tr><td><strong>Max. du\u017eina cijevi<\/strong><\/td><td>20 m<\/td><\/tr><tr><td><strong>Max. visinska razlika<\/strong><\/td><td>15 m<\/td><\/tr><\/tbody><\/table><\/figure>\n","protected":false},"excerpt":{"rendered":"<p>Hla\u0111enje:\u00a02.40 kW Grijanje:&nbsp;3.40 kW Energetska klasa hla\u0111enja:&nbsp;A+++ Energetska klasa grijanja:&nbsp;A++ WI-FI upravljanje:&nbsp;DA Atraktivna podna Perfera osigurava savr\u0161en kvalitet vazduha u prostoriji. Moderan dizajn omogu\u0107uje lako uklapanje u sve enterijere, ali i maksimalnu ugodnost. Ispuhom toplog vazduha na donjoj strani ure\u0111aja stvara se efekat podnog grijanja.&nbsp;Funkcija grijanja plus&nbsp;osigurava 30 minuta ugodnog&#8230;<\/p>\n","protected":false},"author":1,"featured_media":0,"parent":0,"menu_order":0,"comment_status":"closed","ping_status":"closed","template":"","meta":{"footnotes":""},"class_list":["post-1459","page","type-page","status-publish","hentry"],"_links":{"self":[{"href":"https:\/\/ecoheatbl.com\/index.php\/wp-json\/wp\/v2\/pages\/1459","targetHints":{"allow":["GET"]}}],"collection":[{"href":"https:\/\/ecoheatbl.com\/index.php\/wp-json\/wp\/v2\/pages"}],"about":[{"href":"https:\/\/ecoheatbl.com\/index.php\/wp-json\/wp\/v2\/types\/page"}],"author":[{"embeddable":true,"href":"https:\/\/ecoheatbl.com\/index.php\/wp-json\/wp\/v2\/users\/1"}],"replies":[{"embeddable":true,"href":"https:\/\/ecoheatbl.com\/index.php\/wp-json\/wp\/v2\/comments?post=1459"}],"version-history":[{"count":1,"href":"https:\/\/ecoheatbl.com\/index.php\/wp-json\/wp\/v2\/pages\/1459\/revisions"}],"predecessor-version":[{"id":1462,"href":"https:\/\/ecoheatbl.com\/index.php\/wp-json\/wp\/v2\/pages\/1459\/revisions\/1462"}],"wp:attachment":[{"href":"https:\/\/ecoheatbl.com\/index.php\/wp-json\/wp\/v2\/media?parent=1459"}],"curies":[{"name":"wp","href":"https:\/\/api.w.org\/{rel}","templated":true}]}}