{"id":1440,"date":"2023-08-27T09:16:24","date_gmt":"2023-08-27T09:16:24","guid":{"rendered":"https:\/\/ecoheatbl.com\/?page_id=1440"},"modified":"2023-08-27T09:16:24","modified_gmt":"2023-08-27T09:16:24","slug":"daikin-klima-uredaj-dual-vanjska-jedinica-2mxm40a","status":"publish","type":"page","link":"https:\/\/ecoheatbl.com\/index.php\/daikin-klima-uredaj-dual-vanjska-jedinica-2mxm40a\/","title":{"rendered":"Daikin klima ure\u0111aj DUAL vanjska jedinica 2MXM40A"},"content":{"rendered":"\n<p><\/p>\n\n\n\n<div class=\"wp-block-media-text is-stacked-on-mobile\" style=\"grid-template-columns:35% auto\"><figure class=\"wp-block-media-text__media\"><img loading=\"lazy\" decoding=\"async\" width=\"300\" height=\"250\" src=\"https:\/\/ecoheatbl.com\/wp-content\/uploads\/2023\/08\/Daikin-MULTI-SISTEM_web.png\" alt=\"\" class=\"wp-image-1441 size-full\"\/><\/figure><div class=\"wp-block-media-text__content\">\n<p><strong>Hla\u0111enje:<\/strong>\u00a04.00 kW<\/p>\n\n\n\n<p><strong>Grijanje:<\/strong>\u00a04.20 kW<\/p>\n\n\n\n<p><strong>Energetska klasa hla\u0111enja:<\/strong>&nbsp;A+++<\/p>\n\n\n\n<p><strong>Energetska klasa grijanja:<\/strong>&nbsp;A++<\/p>\n\n\n\n<p><strong>Mogu\u0107nost spajanja do:<\/strong>&nbsp;2 unutarnje jedinice<\/p>\n<\/div><\/div>\n\n\n\n<p>Daikinova multi split vanjska jedinica izvrsno je rje\u0161enje za cjelogodi\u0161nju klimatizaciju.\u00a0Na jednu vanjsku mo\u017ee se spojiti dvije unutra\u0161nje jedinice.\u00a0Na primjer, mogu\u0107a je kombinacija\u00a0zidne jedinice, kasetne jedinice ili\u00a0kanalne jedinice.\u00a0Jedna od zna\u010dajnih prednosti multi split sistema je to\u00a0\u0161to se pojedina\u010dnim jedinicama mo\u017ee upravljati zasebno.<\/p>\n\n\n\n<p>Vanjske jedinice imaju swing kompresore koje odlikuje nizak nivo buke i visoka energetska u\u010dinkovitost.&nbsp;&nbsp;<\/p>\n\n\n\n<p>Daikin vanjske multi split jedinice koriste najnoviju radnu tvar R32 koja se savr\u0161eno nadopunjuje sa naprednom inverter tehnologijom. Sve skupa rezultuje vrhunskim performansama i niskom potro\u0161njom u najvi\u0161oj energetskoj klasi A+++.&nbsp;<\/p>\n\n\n\n<p>Prednost multi split&nbsp;sistema je u tome \u0161to se pojedina\u010dnim jedinicama mo\u017ee upravljati pojedina\u010dno.<\/p>\n\n\n\n<figure class=\"wp-block-table\"><table><tbody><tr><td><strong>PROIZVO\u0110A\u010c<\/strong><\/td><td>Daikin<\/td><\/tr><tr><td><strong>MODEL<\/strong><\/td><td>2MXM40A<\/td><\/tr><tr><td><strong>Brand<\/strong><\/td><td>Daikin<\/td><\/tr><tr><td><strong>Hla\u0111enje<\/strong><\/td><td>4.00 kW<\/td><\/tr><tr><td><strong>Grijanje<\/strong><\/td><td>4.20 kW<\/td><\/tr><tr><td><strong>Energetska klasa hla\u0111enja<\/strong><\/td><td>A+++<\/td><\/tr><tr><td><strong>Energetska klasa grijanja<\/strong><\/td><td>A++<\/td><\/tr><tr><td><strong>Buka vanjske jedinice<\/strong><\/td><td>48 dB(A)<\/td><\/tr><tr><td><strong>Dimenzije vanjske jedinice<\/strong><\/td><td>550*765*285 mm<\/td><\/tr><tr><td><strong>Te\u017eina vanjske jedinice<\/strong><\/td><td>36 kg<\/td><\/tr><tr><td><strong>Max. du\u017eina cijevi<\/strong><\/td><td>20 m<\/td><\/tr><tr><td><strong>Max. visinska razlika<\/strong><\/td><td>15 m<\/td><\/tr><tr><td><strong>Napajanje<\/strong><\/td><td>220-240 V<\/td><\/tr><tr><td><strong>Freon<\/strong><\/td><td>R32<\/td><\/tr><tr><td><strong>Mogu\u0107nost spajanja do<\/strong><\/td><td>2 unutra\u0161nje jedinice<\/td><\/tr><\/tbody><\/table><\/figure>\n\n\n\n<p><\/p>\n","protected":false},"excerpt":{"rendered":"<p>Hla\u0111enje:\u00a04.00 kW Grijanje:\u00a04.20 kW Energetska klasa hla\u0111enja:&nbsp;A+++ Energetska klasa grijanja:&nbsp;A++ Mogu\u0107nost spajanja do:&nbsp;2 unutarnje jedinice Daikinova multi split vanjska jedinica izvrsno je rje\u0161enje za cjelogodi\u0161nju klimatizaciju.\u00a0Na jednu vanjsku mo\u017ee se spojiti dvije unutra\u0161nje jedinice.\u00a0Na primjer, mogu\u0107a je kombinacija\u00a0zidne jedinice, kasetne jedinice ili\u00a0kanalne jedinice.\u00a0Jedna od zna\u010dajnih prednosti multi split sistema je&#8230;<\/p>\n","protected":false},"author":1,"featured_media":0,"parent":0,"menu_order":0,"comment_status":"closed","ping_status":"closed","template":"","meta":{"footnotes":""},"class_list":["post-1440","page","type-page","status-publish","hentry"],"_links":{"self":[{"href":"https:\/\/ecoheatbl.com\/index.php\/wp-json\/wp\/v2\/pages\/1440","targetHints":{"allow":["GET"]}}],"collection":[{"href":"https:\/\/ecoheatbl.com\/index.php\/wp-json\/wp\/v2\/pages"}],"about":[{"href":"https:\/\/ecoheatbl.com\/index.php\/wp-json\/wp\/v2\/types\/page"}],"author":[{"embeddable":true,"href":"https:\/\/ecoheatbl.com\/index.php\/wp-json\/wp\/v2\/users\/1"}],"replies":[{"embeddable":true,"href":"https:\/\/ecoheatbl.com\/index.php\/wp-json\/wp\/v2\/comments?post=1440"}],"version-history":[{"count":1,"href":"https:\/\/ecoheatbl.com\/index.php\/wp-json\/wp\/v2\/pages\/1440\/revisions"}],"predecessor-version":[{"id":1442,"href":"https:\/\/ecoheatbl.com\/index.php\/wp-json\/wp\/v2\/pages\/1440\/revisions\/1442"}],"wp:attachment":[{"href":"https:\/\/ecoheatbl.com\/index.php\/wp-json\/wp\/v2\/media?parent=1440"}],"curies":[{"name":"wp","href":"https:\/\/api.w.org\/{rel}","templated":true}]}}